ivisor of k and 114.
19
Let p be (0/(3 + -2))/2. Suppose p = 3*n + 2 - 11. Suppose -n*b = 15, b - 84 = -4*l + 5*b. Calculate the highest common factor of l and 48.
16
Suppose 0 = 4*w - 31 - 21. Suppose -w = -2*g + 5. Calculate the highest common factor of 18 and g.
9
Suppose 3*v + 5*u = 377, 3*v - 7*v + 531 = u. Suppose 34 = 4*j - v. What is the greatest common factor of j and 6?
6
Let y = 378 - 213. Let g be (-1)/((-2)/(-2 + -4)). Let r = 12 - g. What is the highest common factor of r and y?
15
Let p(c) = -c + 14. Let a be p(7). What is the greatest common factor of a and 49?
7
Let l be 1/1*-1 - -52. Let g(u) = 2*u**2 - 8*u - 8. Let c be (6/(-4))/(3/(-14)). Let o be g(c). Calculate the greatest common factor of o and l.
17
Let q(z) = 17*z - 27. Let h be q(21). What is the greatest common divisor of 30 and h?
30
Let q be 2/5*(-2 - 2 - -9). Calculate the highest common factor of q and 2.
2
Suppose 0 = -2*b - 3*n - 0 - 1, -3*n - 7 = 5*b. Let t(o) = 7*o**2 - 2*o. Let q be t(2). Let s be 2*q - (b + 0). What is the highest common factor of s and 10?
10
Let x(q) = -q + 7. Let p be x(-5). Suppose 3*h - 2 - 1 = -4*f, -5*f = h + 10. Suppose 186 = h*z + 6. Calculate the greatest common factor of p and z.
12
Suppose -4*f = f + 80. Let l be f/6*(-3)/2. Let o be (-748)/16*l/(-1). Calculate the greatest common divisor of o and 17.
17
Let w = -1 + 3. Let m = w + 4. Suppose 3*j = 3*v - 3, -5*j + m + 1 = v. What is the highest common factor of v and 2?
2
Suppose 0 = -3*w - 3*b - 21, 2*w + 0*b + 10 = 2*b. Let l be w/(-27) - 50/(-18). Calculate the highest common factor of l and 3.
3
Let j = 51 + -31. Calculate the greatest common divisor of j and 10.
10
Let w(i) = 0*i - 4*i + 3*i - 2 - i. Let s be w(2). Let q(g) = g**3 + 6*g**2 - g + 3. Let p be q(s). What is the highest common divisor of p and 9?
9
Let j = 31 + -1. What is the highest common divisor of j and 75?
15
Let s be 114/4*4/3. Let q = 66 - s. What is the highest common factor of 70 and q?
14
Suppose 2*a + 1 = 3*a. Suppose -2*c + 10 + 20 = -3*w, 4*w + 43 = 3*c. What is the greatest common divisor of c and a?
1
Let t(d) = -d**3 - 5*d**2 + 6*d + 3. Let m be ((-3)/6)/1*10. Let b be t(m). Let x = -10 - b. What is the greatest common factor of 17 and x?
17
Let g(c) = 20*c + 2. Let p = 3 - -3. Suppose -k + 2*x - p = 0, 3*k + 2 = -x + 3*x. Let y be g(k). What is the greatest common factor of 6 and y?
6
Suppose -20 = -m - s - 3*s, -4 = -2*m + s. Suppose o + 12 = 3*o + 4*r, m*o + 4*r - 36 = 0. What is the highest common divisor of 4 and o?
4
Let y(t) = 41*t + 3. Let a be y(3). Suppose z - 13 - 1 = 0. What is the highest common factor of a and z?
14
Let v be 32/6*(5 - 6/12). Calculate the highest common divisor of v and 72.
24
Let l be 29 - (-2 + (-12)/(-3)). Suppose 0*s - 9 = -s. Calculate the greatest common divisor of s and l.
9
Let a = 8 + -7. Let x(r) = 13*r**3 + r**2 - r + 1. Let l be x(a). Let o be (2/(-1) + 4)*l. Calculate the highest common divisor of 4 and o.
4
Let i be 6/1*(-62)/6. Let p = 89 + i. Suppose z - 3 = -0, -3*z = 3*s - 63. What is the highest common divisor of p and s?
9
Suppose -3*m = -6*m + 12. Let c(k) = -4*k + 4. Let t be c(1). Suppose 52 = -t*n + m*n. Calculate the highest common divisor of 52 and n.
13
Let d be (32/20 - 2)*-15. Suppose -3*g - 12 = -3*o, -g + 13 = 3*o - 7. What is the highest common divisor of o and d?
6
Let r(q) = q**3 - 46. Let m be r(0). Let h = m - -88. Calculate the highest common factor of h and 21.
21
Let f(g) = g + 9. Let b be f(-6). Let p(a) = a**3 - 6*a**2 + 7*a - 5. Let v be p(4). Let k = v + 15. What is the highest common factor of k and b?
3
Let j(f) = -f**3 - 4*f**2 + f - 10. Let c be j(-5). What is the greatest common divisor of 70 and c?
10
Suppose 3*p + x = 264, 3*p - 2*x = 3*x + 264. Let i = -10 + 18. Calculate the highest common factor of i and p.
8
Suppose 462 = 10*s - 7*s. What is the greatest common factor of 22 and s?
22
Let v(u) be the third derivative of -u**5/20 + u**4/24 + u**3/2 + 3*u**2. Let t be v(-3). Let y = 108 + t. What is the highest common factor of 9 and y?
9
Let f = -4 - 2. Let k = f - -5. Let d be 1 - k - (-16 - -8). Calculate the highest common divisor of d and 90.
10
Let i(z) = 4*z. Let h be i(-4). Let x = -4 - h. What is the highest common factor of x and 18?
6
Let d = -167 + 184. Let j be (-1 + 1)/(1 + 1). Suppose g + 4*v = -2*g + 63, -2*v + 6 = j. What is the highest common divisor of d and g?
17
Suppose 5*f = 3*f + 90. Suppose b + 2*b - f = -l, 0 = 2*b + 5*l - 17. What is the greatest common divisor of b and 40?
8
Let i = -25 + 58. Suppose -5*f = -4*j + 1 - 8, 0 = -f + 5*j - 7. What is the greatest common divisor of f and i?
3
Suppose -1 + 6 = h. Suppose -z - 3*m = m + 10, -z = -3*m - 25. Calculate the highest common factor of h and z.
5
Suppose -16*i + 18*i = 80. What is the greatest common factor of 8 and i?
8
Suppose 18*u = 14*u + 28. Calculate the highest common divisor of u and 21.
7
Suppose -3*y - 104 = -4*y. Let k = 43 + -30. Calculate the highest common divisor of y and k.
13
Suppose 8*u + 25 = 3*u. Let b = -5 - u. Let t(v) = v**3 + v**2 + v + 8. Let k be t(b). What is the highest common factor of k and 64?
8
Suppose 2*p - 13 - 13 = 0. Calculate the highest common factor of 13 and p.
13
Suppose k - 3 = -0, 3*k + 35 = 4*m. Calculate the highest common divisor of m and 121.
11
Let a(x) = -2 + 2 - 2 - 5*x - 3. Let g be a(-7). What is the highest common factor of 45 and g?
15
Let u(i) = 4*i + 8. Let a be u(5). What is the highest common factor of a and 42?
14
Suppose r = 3*h - 1319 + 61, 0 = 2*h - r - 838. Suppose -4*v - 392 = -2*k + 34, 0 = -2*k + 2*v + h. What is the greatest common divisor of k and 23?
23
Suppose 0 = 4*t - 286 - 182. Let s(k) = -k**3 - 5*k**2 + 5*k + 7. Let i be s(-6). What is the greatest common divisor of i and t?
13
Let n(v) = 2*v**2 - v - 15. Let q be n(-4). What is the highest common divisor of 14 and q?
7
Let z(m) = 2*m - 6. Let h be z(5). What is the greatest common divisor of h and 24?
4
Let d be (3 - -32 - 2) + -3. Suppose -67 + 217 = 2*o. Calculate the greatest common divisor of o and d.
15
Let p = 0 - -2. Suppose 2*s + p*s = 36. Calculate the greatest common divisor of 1 and s.
1
Let i be -3 - -2 - (3 + 0). Let b be (-2 + i/(-6))*-3. What is the highest common factor of b and 2?
2
Let m(f) = 2*f**2 + 4*f. Let g be m(-7). Let t = 24 - -199. Let q = t - g. Calculate the highest common factor of q and 17.
17
Suppose 11*q - 30 = 6*q. What is the highest common factor of q and 30?
6
Suppose -2*p + 6*p = 48. Calculate the highest common factor of p and 72.
12
Suppose -8*u + 84 = -5*u. What is the greatest common factor of u and 7?
7
Let d = -7 + 8. Let h(o) = 30*o. Let p be h(d). What is the greatest common factor of 45 and p?
15
Suppose 0 = -3*y - 12, 4*m + y - 212 = -2*y. Let b = -2 + 9. What is the greatest common divisor of m and b?
7
Let y = 3 + -2. Let d be 3/y*13/3. Calculate the greatest common factor of 26 and d.
13
Let r be -6 + 8 + -3 - -154. What is the highest common factor of 102 and r?
51
Let c = 1 - 0. Let d be 6*(-7)/((-63)/6). Suppose t + 0*q - q = -c, 3*q = 2*t + d. Calculate the greatest common divisor of 5 and t.
1
Suppose 2*l - 5 = -3*w - 2, -2*l = w + 3. Let d be (-93)/l + -1*1. Suppose -4*s = o - 24, -3*s = 5*o - 78 - 25. What is the greatest common factor of d and o?
10
Let n(f) = 68*f**2 - 2. Let r be n(-1). Calculate the greatest common factor of 22 and r.
22
Let g(d) = -d + 2. Let z = -5 + 2. Let m be g(z). Calculate the greatest common factor of m and 35.
5
Let r(q) = q. Let o be r(-5). Let y be (3 + o)*69/(-6). What is the greatest common factor of 23 and y?
23
Let c be 0 - -10*1/8*40. What is the greatest common factor of 75 and c?
25
Suppose -71 = 5*q - 291. Let n = -146 - -150. What is the greatest common divisor of q and n?
4
Suppose 2*a - 44 = -g, 0 = g - 0*a + 3*a - 43. Suppose g = 4*w - 14. Calculate the greatest common divisor of w and 15.
15
Suppose a = 7 + 4. Calculate the highest common divisor of 99 and a.
11
Let k(j) = -3*j**3 + 5*j - 4. Let d be k(4). Let m be d/(-10) - 2/(-5). Let y = 15 + -9. What is the highest common divisor of y and m?
6
Let q = -2 + 4. Suppose q*y - 9 = y. Suppose -51 + 6 = -j. Calculate the greatest common divisor of j and y.